15. Suppose -2*s + 2*d + 1436 = 0, c = s - 5*d - 173. Is s a prime number?
True
Suppose 114*s = 127*s - 211991. Is s prime?
False
Let q = 1156 - 667. Let j = q - -4842. Is j a composite number?
True
Suppose -2290054 = -838*k + 812*k. Is k composite?
False
Let z be ((-5226)/(-12))/13*122. Let p be 8/2 + (-1)/1. Suppose 2*c + 1841 = -5*w + 8644, 4*c = p*w - z. Is w composite?
False
Let c(o) = -217*o - 94*o - 80*o - 15 + 179*o. Suppose -3*i - 6 = 36. Is c(i) composite?
False
Let w(i) = -292*i**3 - 7*i**2 + i - 33. Is w(-8) composite?
True
Suppose 0 = -t + 5 - 4, 5*t - 1179 = -z. Let h = z + -37. Is h a prime number?
False
Let g be (-1 - (9/(-3) + 1))*2. Suppose -a + g*x = a - 230, 0 = -a + 5*x + 135. Let k = 77 + a. Is k composite?
True
Let s(p) = 2475*p**2 + 15*p + 11. Is s(9) a prime number?
False
Let o(d) = 731*d + 180. Let x(s) = -s**2 + s + 37. Let u be x(6). Is o(u) a prime number?
True
Suppose x = -3*x - 6808. Let n = 2460 + x. Is n/(-4)*-2 - (19 + -17) a prime number?
False
Suppose -3*r = 482*b - 477*b - 330053, 0 = -2*r + 12. Is b prime?
False
Let x = 145 - 143. Suppose -4*y = 2*f - 16518, x*f - 4*y - 20343 = -3809. Is f prime?
True
Suppose -58217321 = -68*l + 109402475. Is l a composite number?
True
Let u be ((2/6)/1)/(53/318). Let d(s) = 12132*s - 25. Is d(u) prime?
True
Let b = -109 - -214. Let w = b - -53. Let o = -120 + w. Is o prime?
False
Let o be 254/(-2)*(20 - 41). Let c = o + 940. Is c composite?
False
Let c(k) = 1669*k**2 - 159*k + 31. Is c(4) a composite number?
False
Let y = 722 + -720. Suppose y*s - 67460 = -4*j, 5*j - s - 24904 = 59421. Is j a prime number?
False
Suppose -n - 4*c - 643 + 1586 = 0, 4738 = 5*n - 3*c. Let v = n - 402. Is v a composite number?
True
Suppose 3*k = -12, -v + 857*k + 171994 = 854*k. Is v prime?
False
Suppose 45*d + 6669 = 303984. Is d a composite number?
False
Suppose 0 = 2*a - 10*a - 12*a + 4327420. Is a composite?
False
Suppose 2*r = -4*b + 641358, -5*r + 409*b + 1603443 = 407*b. Is r a composite number?
False
Suppose -4*w = -3*w - 3752. Let f = w - -8549. Is f prime?
True
Suppose 4*n + 11*m = 8*m + 6026180, 3*n + m = 4519625. Is n composite?
True
Suppose 17*y - 122 = 65. Is ((-1174)/(-6))/(y/33) a composite number?
False
Suppose v = -4 + 3, -4 = -3*g - 2*v. Suppose 4*j - 83 + 60 = -3*x, j - 2*x = 3. Suppose -2*w + 229 = j*t, g*w - 2*t = -w + 391. Is w a composite number?
False
Let y = 1804320 - 1152403. Is y composite?
True
Let l(h) = -73*h - 16. Let y(g) = -3*g + 38. Let k be y(0). Suppose 3*d - 11 + k = 2*z, -2*z = -4*d - 36. Is l(d) prime?
True
Suppose -6*m - 3*m = 3*m + 8808. Let b(a) = 1032*a**2 + a. Let h be b(1). Let w = h + m. Is w prime?
False
Let n(c) = -2634*c**3 - 12*c**2 - 57*c - 428. Is n(-7) composite?
True
Is (-912752)/40*(14 + -19) a prime number?
False
Suppose -t + 1314 + 2431 = 0. Suppose 4*n = 13*n - 4*n. Suppose -5*l + t - 880 = n. Is l prime?
False
Let v(r) = 8*r - 107*r**2 + 183*r**2 + 34 - 15. Is v(-6) a composite number?
False
Let h be 1*4*(19 - 21). Let n(a) = 8*a**2 + 5*a - 21. Let l be n(h). Suppose -2*g = -l - 279. Is g a prime number?
False
Let j be -44 + 1 + (-10 - -11). Is (j/(-9))/(16/1128) composite?
True
Suppose 0 = 9*f - 2*f - 14. Suppose 3*p - 367 = -2*s + 13736, 9386 = f*p - 4*s. Is p prime?
False
Suppose -4*r + 2*v + 17 = 13, 0 = -4*r + 5*v + 10. Suppose -6*t + 1293 + 549 = r. Is t a composite number?
False
Let a(m) = -m**2 + 21*m - 12. Let s be a(20). Suppose -s*x = -x - 3976. Suppose 6*p - 122 - x = 0. Is p a prime number?
False
Let v be ((0 + 2)/1)/(10/1500). Suppose 2483 = f + v. Is f composite?
True
Suppose 30 - 70 = -10*m. Is (-15470)/(-6) + m/6 composite?
False
Suppose 7*b = 4*b + s + 68076, 0 = -5*b - 5*s + 113440. Is b a composite number?
False
Suppose 184*m + 566*m = 102*m + 262392696. Is m a prime number?
False
Let p(q) = 11*q**3 + 4*q**2 + 86*q - 1115. Is p(20) a composite number?
True
Let b(a) be the third derivative of 3*a**5/20 - 5*a**4/6 + a**3/2 - 38*a**2. Is b(20) prime?
True
Let k = -213 + 201. Is (-8000)/(-6) + ((-32)/k)/(-8) a composite number?
True
Let z be (-1040)/(-24)*(-69)/(-2). Suppose 0 = 4*d + 4, 2*y - 5206 = -d + z. Is y a composite number?
True
Let s be -1615 + (20 - 6)/(-7). Let u = s - -16576. Is u a prime number?
False
Let f(q) = 487*q**2 - 17*q + 121. Is f(-16) prime?
False
Suppose 115*s - 880790 = -113*s + 218*s. Is s a composite number?
False
Suppose l - 3*l - 4 = -o, 0 = 4*o + 5*l - 3. Suppose o*u - 123 = -5*w, -244 - 3 = -3*u + 5*w. Suppose 0 = -2*y - u + 1144. Is y a composite number?
True
Suppose -52*g + 280164 = -268488 + 194792. Is g prime?
False
Let w be 7/(-21) + (-1)/(-3). Suppose 4*o - 3*a - 293 = w, -4*o + 0*o = a - 281. Is o a prime number?
True
Let a(x) = 469*x - 8. Let n = -128 - -220. Let c = n - 83. Is a(c) a composite number?
True
Let p be (-95)/(-38)*(-8)/(-10). Let k be ((-5)/(-10))/(p/12). Suppose -4*w = 3*y - 3371, -k*y + 2*w = -5*y + 2244. Is y prime?
True
Let r be (-2 + (-112)/(-35))/(4/10). Suppose -10*l + r*l = -13811. Is l a prime number?
True
Suppose -28*y = -48*y - 40. Is (-7)/((-42)/(-176949))*y/3 prime?
True
Let o = 963068 + -626127. Is o composite?
True
Suppose -2429 = -2*g + 599. Suppose g = 98*r - 96*r. Is r a composite number?
False
Let k(v) = -v**3 + 29*v**2 + 23*v - 47. Let w(c) = c**3 - 3*c**2 - c - 23. Let p be w(5). Is k(p) composite?
False
Suppose 38*f - 2659 = 119891. Let y = -1022 + f. Is y a composite number?
False
Suppose 364*o - 310202 - 105483 = 384751. Suppose 0 = k + 3 - 5. Suppose 5*h = k*h + o. Is h composite?
False
Is (56428/(-5))/((-28)/35) a prime number?
True
Let v(j) = -306*j**2 + 8*j + 5. Let l(g) = -102*g**2 + 3*g + 2. Let m(d) = -8*l(d) + 3*v(d). Let s be m(1). Let w = -66 - s. Is w a composite number?
False
Let j = 106 + -104. Suppose -4*q + 3*n - 1450 = -20493, 0 = q + j*n - 4758. Suppose 10*x - q = 5670. Is x prime?
False
Let d = 195161 - 110640. Is d a composite number?
False
Suppose 161 = 3*j + 2*g - 11710, 3*j + 5*g = 11871. Suppose -2*i = 5*x - 1822 - j, 5*x = -15. Is i a prime number?
True
Suppose 4*c = -l + 691883, -20*l + 35 = -15*l. Is c a prime number?
True
Let w be 1*-429*(1 - 0). Let m be -4 - ((-56)/(-2) + 0). Let t = m - w. Is t prime?
True
Suppose 0 = 27*x - 256226 - 3731701. Is x a prime number?
False
Let q(o) = 6*o**2 + 89*o + 29. Let y = -333 - -313. Is q(y) prime?
False
Let h(y) = 2223*y - 11676. Is h(23) a composite number?
True
Let g be -1*4*(6092 - -16)/(-12). Suppose -a + 711 = -g. Is a a composite number?
True
Let o(t) = 8*t. Let r be o(1). Suppose -r = -2*p + 5*b + 23, 3*b = -3*p + 36. Suppose 14*g - 319 = p*g. Is g composite?
True
Let y = 297 + -297. Suppose 3*n - 3 = y, 0 = 2*p + n - 1784 - 1159. Is p composite?
False
Suppose 9*a = 4*a + 140. Suppose x - 3*n + a = -0*n, 0 = -x + 2*n - 32. Is 20/x*(-5756)/2 prime?
True
Let g(x) = 5*x - 2518. Let j be g(0). Let w = j - -5622. Let q = w - 1449. Is q a composite number?
True
Let h(s) = -5*s**2 + 11*s - 15. Let c(y) = -3*y**2 + 7*y - 10. Let n(o) = -8*c(o) + 5*h(o). Let t be n(-3). Is (3 - t) + (-783)/(-3) a composite number?
True
Is 12/18*5352/(-80)*-295 composite?
True
Suppose -4*r + 3*k - 9730 + 75003 = 0, -4*r + 5*k = -65271. Is r composite?
False
Let b be -1*(-28)/8*(-8)/(-14). Let h be (-222)/(-24) + b/(-8). Suppose 0*j - h*j = -14787. Is j prime?
False
Let d be (738/(-24))/((-1)/(-4)). Let a = 126 + d. Suppose -a*x - 7021 = -10*x. Is x a composite number?
True
Let t(l) = 807*l**2 + 58*l - 724. Is t(21) prime?
False
Suppose -50 = -q + 256. Let w = 1217 - q. Is w a prime number?
True
Suppose -v - 195 = -5*r, 71 = -2*r + 4*r + v. Let k = r + -30. Suppose -2*b = -k*b + 2670. Is b composite?
True
Let l(y) = 163*y**3 + 3*y**2 - y - 1. Let n(s) = -s**2 + 4*s + 6. Let a be n(4). Suppose 0 = -a*t - 3*t + 18. Is l(t) a prime number?
False
Let o be (7 - 3) + (3 - 27)/(-6). Is 0 - ((-4124)/o)/(3/42) a prime number?
False
Let o(s) = -1622*s**3 + 2*s**2 + 3*s + 1. Let h(z) = -z**2 - 10*z - 26. Let r be h(-4). Is o(r) a prime number?
True
Let p(g) = 3*g - 3 - 14 + 0. Let q be -5*8/10 - -12. Is p(q) a composite number?
False
Let j be 19/(-209) - (-4090)/(-22). Suppose 2*q - 5*q = 372. Let g = q - j. Is g prime?
False
Suppose -2*w + 2103013 = 5*d, 26*w - 21*w = -4*d + 1682390. Is d prime?
False